ate the remainder when 144 is divided by s.
28
Let d(v) = v**3 + 8*v + 2. Calculate the remainder when d(4) is divided by 20.
18
Suppose n + 4*n - 225 = 0. Suppose -106 = 2*m - 14. What is the remainder when n is divided by 4/8 - m/4?
9
Suppose 0 = -2*w + l + 77, -2*w - 4*l = -3*l - 79. Calculate the remainder when w is divided by 20.
19
Let k(z) = -71*z + 34. Let t be k(4). Let o = -141 - t. What is the remainder when o is divided by 37?
35
Let q = -23 - -25. Suppose -6*v = 3*r - v - 8, q*r + 3*v = 7. What is the remainder when r is divided by 5?
1
Suppose 16*u + 2*w + 86 = 18*u, 0 = -4*w - 8. Calculate the remainder when u is divided by 18.
5
Let j(r) = -3*r + 8*r**2 + 7 - 69*r**3 + 68*r**3 - 4*r. What is the remainder when j(5) is divided by 24?
23
What is the remainder when 137 is divided by 14/((66/18)/11)?
11
Let u(v) = 5*v**2 + 28*v + 27. What is the remainder when u(-6) is divided by 14?
11
Suppose -2*d + 6*d = 24. Let u = d + 1. Suppose v + 4 = 0, q = v - 6 + 35. Calculate the remainder when q is divided by u.
4
Calculate the remainder when 173 is divided by (-64)/12 + 12/(-18) + 31.
23
Suppose -12 = 15*c - 18*c. Suppose q + 4*b - 107 = 0, c*q = -4*b + b + 441. Calculate the remainder when q is divided by 14.
13
Let o(d) = -2*d + 15. Let v be o(5). Suppose v*m - m - 220 = -4*y, 5*y = m - 43. Let j(x) = -3*x - 3. What is the remainder when m is divided by j(-7)?
17
Suppose 2 = m - 1. Suppose h = m*p - 56, 5*h - 8 = 12. What is the remainder when 5 is divided by p/70 + 26/7?
1
Let k = -329 - -404. Calculate the remainder when k is divided by 10.
5
Calculate the remainder when 2101/22*3/3*6 is divided by 115.
113
Let q = 40 + -36. Suppose -4*p = -q*w + 436, -4*w - 5*p + 282 + 136 = 0. What is the remainder when w is divided by 27?
26
Suppose -4*x + 907 = 4*l - 9*l, 5*x + 2*l - 1175 = 0. What is the remainder when x is divided by 63?
44
Let g = 35 - 30. Suppose -5*v + 5*n + 465 = 0, -g*v + 369 = -4*n - 91. What is the remainder when v is divided by 18?
16
Suppose -39 = -2290*z + 2283*z - 4. Calculate the remainder when 21/2*(3 + -1) is divided by z.
1
Suppose 12*v + 150 = 22*v. What is the remainder when 43 is divided by v?
13
Let w = -42 - -44. Suppose -100 = -4*y + 2*c + c, 5*y - w*c = 132. Calculate the remainder when 52 is divided by y.
24
Let c(x) = 4*x**2 + 2*x - 18. Suppose 0 = 2*b + 4 + 6. Suppose 4*y - 3*z - 51 = 0, 4*y - 66 = -0*y - 2*z. Calculate the remainder when c(b) is divided by y.
12
Let s = 1342 + -1051. Calculate the remainder when s is divided by 78.
57
Suppose 49 + 95 = 4*s. Calculate the remainder when s is divided by 30.
6
Let j(s) = s**3 - 3*s + 10*s - 3*s - 9*s**2 - 1 - 11. What is the remainder when 47 is divided by j(9)?
23
Calculate the remainder when 4/(-18) - (-1 - 3705/27) is divided by 20.
18
Let j be (2 - 5)/1 + -10 + 86. Suppose -124 = -s + j. Calculate the remainder when s is divided by 40.
37
Let u(y) = 48*y + 2. Let m be u(-1). Let j = -27 - m. Calculate the remainder when j is divided by 5.
4
Calculate the remainder when 17*9/(72/80) is divided by 58.
54
Suppose -5*g + 16 - 1 = 0. Suppose 6 = g*u - 54. Suppose 4 = 2*o - u. Calculate the remainder when 45 is divided by o.
9
Let o(l) = -149*l - 89. What is the remainder when 232 is divided by o(-1)?
52
Calculate the remainder when 42 is divided by (1 - 12)/(-1 + 1/2).
20
Let c = -182 - -405. Suppose a - c = -56. What is the remainder when a is divided by 28?
27
Let s(a) = 1 - 4*a**2 - 3*a - 2*a - 3 - a**3 + 4*a. Let x be s(-4). Suppose -k = 4*y + 2*k - 1, -13 = -x*y + k. What is the remainder when 12 is divided by y?
0
Let d = -1518 + 1540. What is the remainder when 1*-2 - (2 + -155) is divided by d?
19
Let o be 3*2/(-6) + -1. Let x(j) = 2 + 1 - 7*j + 2*j. Calculate the remainder when 77 is divided by x(o).
12
Let q(s) = s**3 + 14*s**2 - 34*s - 19. Let n(y) = 7*y**2 - 2*y - 1. Calculate the remainder when n(2) is divided by q(-16).
10
Let v(n) = n**3 - 9*n**2 + 10*n + 1. Let p(d) = -d**3 + 8*d**2 + d. Let l be p(8). What is the remainder when 27 is divided by v(l)?
10
Let o = -587 - -674. What is the remainder when o is divided by 31?
25
Let p = -58 - -140. Let x = -38 + p. Calculate the remainder when x is divided by 23.
21
Suppose -62 = -5*m + 98. Suppose -46 = -3*k + m. Calculate the remainder when k is divided by 10.
6
Suppose -7*n + 17*n - 2390 = 0. What is the remainder when n is divided by 27?
23
Suppose 0 = 5*s - 2*w - 24, 4*s - 2*w - 6 = 14. Calculate the remainder when 386 is divided by s.
2
Let q(v) = -v**2 + 11*v + 2. Let n be q(0). Let s = 11 - n. Let k(a) = -2*a - 6. Calculate the remainder when s is divided by k(-5).
1
Let p(b) = 2*b + 87. What is the remainder when 122 is divided by p(-25)?
11
Suppose 4*n - 124 = -5*u, 0 = -5*u + 3*n - 8*n + 125. Calculate the remainder when 42 is divided by u.
18
Calculate the remainder when 175 is divided by -3*2 - 506/(-23).
15
Suppose -4*r = 2*z - 554, -5*r + 2*r + 413 = -z. Suppose -40*c + 38*c = -r. What is the remainder when c is divided by 18?
15
Let c = 99 - 132. Suppose 0 = 4*f - 78 - 74. Let g = f + c. What is the remainder when 17 is divided by g?
2
Suppose -h - 2*t + 49 = 0, 21*t = 5*h + 24*t - 210. What is the remainder when 193 is divided by h?
37
What is the remainder when 240 is divided by (-664)/(12 + -4)*-1?
74
Let o(i) = -15*i - 5. Let t(q) = 14*q + 6. Let v(p) = 6*o(p) + 5*t(p). Calculate the remainder when v(-1) is divided by 11.
9
Suppose n = 2*m + 16, -2*n + 5*n - 52 = 4*m. What is the remainder when n is divided by 9?
2
Let p be ((-658)/21)/(2/3 - 1). Suppose -5*s + 16 = -p. Calculate the remainder when (-86)/(-2) - (2 - 2) is divided by s.
21
Suppose -5*j - 5*d - 18 = -3, 0 = -4*j - 5*d - 14. Let r(h) = 28*h**2 + 2*h + 3. What is the remainder when 114 is divided by r(j)?
27
Let i(c) = -8*c**3 + 3*c**2 + c - 1. Suppose -3*v = -41 + 362. Let n = v + 126. What is the remainder when i(-2) is divided by n?
16
Let u be (46/(-8))/((-11)/(-132)) + 1. Let k = -30 - u. Calculate the remainder when k is divided by 16.
6
Let r = -145 - -152. Suppose 2*w + f = 6*w - 5, -2*w + 3*f = -15. Suppose 2*n = -2*n + 16, 4*g - n - 72 = w. What is the remainder when g is divided by r?
5
Let x(s) = -s**3 - 2*s**2 + 5*s - 7. Suppose 7*z = 3*z - 24. Let c = 21 + z. Calculate the remainder when x(-5) is divided by c.
13
Let r = -1789 + 1808. What is the remainder when 188 is divided by r?
17
Let g(j) be the third derivative of j**5/60 - 5*j**4/24 - 5*j**3/3 - j**2. Let c be g(6). Let h = 25 + c. Calculate the remainder when 62 is divided by h.
20
Let r = 302 - 280. Calculate the remainder when r is divided by 14.
8
Suppose o = i - 5, 3*i + 14 = 7*i - o. Let u(h) = 13*h - 20. What is the remainder when 37 is divided by u(i)?
18
Calculate the remainder when 3*(228/(-14))/((-54)/84) is divided by 72.
4
Let c = 63 - 51. What is the remainder when 321 is divided by c?
9
What is the remainder when ((1625/(-10))/25)/(2/(-8)) is divided by 9?
8
Suppose 5*u - 18 + 3 = 0. Suppose 17 = u*j - 2*q, -25 = -3*j - 0*j + 4*q. Suppose -j*k - 30 = -72. What is the remainder when 27 is divided by k?
13
Let o(c) = c**2 + 4*c - 7. Let i = 30 + -27. Let n(y) = y**3 - 3*y**2 + 6*y - 6. Calculate the remainder when n(i) is divided by o(-6).
2
Let r be 4/(-10) - (-32)/80. Suppose r = 3*a - 12, -5*a = -4*u - 10*a + 196. Calculate the remainder when u is divided by 12.
8
Let j(s) = 0*s**3 - 5*s**3 - 4*s + 3*s**3 - 1 - s**2 + 3*s. Suppose -3*z + 236 = 47. Calculate the remainder when z is divided by j(-2).
11
Let y = 41 + -21. What is the remainder when 30 is divided by y?
10
Suppose -178 = -2*w - w - x, -2*w + 2*x + 124 = 0. Suppose -2*j + 100 = -j + 5*c, -5*c - w = -j. Calculate the remainder when j is divided by 27.
26
Suppose w = -4*c - 2*w + 373, 0 = 5*c + 3*w - 470. Suppose -5*a + 3*k + 87 + 23 = 0, -4*a + 85 = -3*k. Calculate the remainder when c is divided by a.
22
Let t(r) = 0 - 1 - 9*r - 4*r**2 + 3*r**2. Let f(k) = -k + 51. Calculate the remainder when f(-16) is divided by t(-6).
16
Suppose 17*n = 81*n - 1408. Suppose 3*q - 4*d = 41 + 69, -3*q + d = -122. Calculate the remainder when q is divided by n.
20
Suppose -l + 16 = 12. Suppose l*d = -4*h + 260, 3*d - 192 = -2*h + 2. What is the remainder when d is divided by 1